
10
Calculate the remainder when 1427519 is divided by 240.
239
What is the remainder when 5359 is divided by 225?
184
What is the remainder when 8506 is divided by 2018?
434
What is the remainder when 2712 is divided by 146?
84
Calculate the remainder when 8236 is divided by 54.
28
Calculate the remainder when 123656 is divided by 103.
56
What is the remainder when 2136 is divided by 399?
141
What is the remainder when 16173 is divided by 31?
22
Calculate the remainder when 13127 is divided by 3.
2
Calculate the remainder when 1847 is divided by 909.
29
What is the remainder when 778 is divided by 108?
22
Calculate the remainder when 33523 is divided by 1596.
7
Calculate the remainder when 390347 is divided by 127.
76
What is the remainder when 44933 is divided by 7486?
17
Calculate the remainder when 51723 is divided by 79.
57
What is the remainder when 120023 is divided by 8?
7
What is the remainder when 418741 is divided by 58?
39
Calculate the remainder when 11807 is divided by 20.
7
Calculate the remainder when 47245 is divided by 44.
33
Calculate the remainder when 162172 is divided by 27021.
46
What is the remainder when 34577 is divided by 38?
35
What is the remainder when 127805 is divided by 42597?
14
What is the remainder when 11479 is divided by 5732?
15
Calculate the remainder when 6689 is divided by 640.
289
What is the remainder when 12123110 is divided by 11?
10
Calculate the remainder when 3736 is divided by 86.
38
What is the remainder when 80189 is divided by 179?
176
What is the remainder when 71260 is divided by 23750?
10
Calculate the remainder when 542771 is divided by 583.
581
What is the remainder when 7967 is divided by 295?
2
What is the remainder when 417786 is divided by 272?
266
What is the remainder when 69674 is divided by 29?
16
Calculate the remainder when 1447 is divided by 264.
127
What is the remainder when 42283 is divided by 42242?
41
What is the remainder when 11641 is divided by 416?
409
What is the remainder when 778 is divided by 152?
18
What is the remainder when 4248 is divided by 302?
20
Calculate the remainder when 217811 is divided by 1259.
4
Calculate the remainder when 522 is divided by 249.
24
What is the remainder when 13188 is divided by 104?
84
What is the remainder when 2362 is divided by 302?
248
Calculate the remainder when 2877 is divided by 1183.
511
Calculate the remainder when 83466 is divided by 281.
9
Calculate the remainder when 387521 is divided by 19.
16
What is the remainder when 10823 is divided by 1082?
3
What is the remainder when 24972 is divided by 28?
24
What is the remainder when 30468 is divided by 48?
36
Calculate the remainder when 30088 is divided by 317.
290
Calculate the remainder when 10035 is divided by 535.
405
Calculate the remainder when 2163 is divided by 127.
4
Calculate the remainder when 16366 is divided by 3271.
11
Calculate the remainder when 3576 is divided by 137.
14
What is the remainder when 2857 is divided by 75?
7
What is the remainder when 4091030 is divided by 21?
20
Calculate the remainder when 8561 is divided by 153.
146
Calculate the remainder when 37973 is divided by 1462.
1423
Calculate the remainder when 2367 is divided by 118.
7
What is the remainder when 73858 is divided by 119?
78
Calculate the remainder when 9363 is divided by 120.
3
What is the remainder when 8368 is divided by 2721?
205
What is the remainder when 9240 is divided by 840?
0
Calculate the remainder when 50809 is divided by 11.
0
What is the remainder when 1189 is divided by 1148?
41
What is the remainder when 1621 is divided by 202?
5
What is the remainder when 62651 is divided by 667?
620
Calculate the remainder when 10249049 is divided by 105.
104
Calculate the remainder when 121137 is divided by 6.
3
Calculate the remainder when 5031 is divided by 2503.
25
Calculate the remainder when 101265 is divided by 3266.
19
What is the remainder when 41598 is divided by 13847?
57
What is the remainder when 221 is divided by 175?
46
What is the remainder when 15269 is divided by 107?
75
Calculate the remainder when 24448 is divided by 3492.
4
What is the remainder when 14954 is divided by 7439?
76
What is the remainder when 1912 is divided by 911?
90
Calculate the remainder when 6518 is divided by 1628.
6
What is the remainder when 29707 is divided by 265?
27
What is the remainder when 51849 is divided by 305?
304
What is the remainder when 190207 is divided by 115?
112
Calculate the remainder when 31428 is divided by 35.
33
What is the remainder when 7147 is divided by 2371?
34
Calculate the remainder when 33457 is divided by 35.
32
Calculate the remainder when 535325 is divided by 17.
12
Calculate the remainder when 66289 is divided by 34.
23
Calculate the remainder when 1009506 is divided by 718.
716
What is the remainder when 22694 is divided by 168?
14
What is the remainder when 3177 is divided by 1451?
275
Calculate the remainder when 112840 is divided by 1343.
28
Calculate the remainder when 4324 is divided by 29.
3
What is the remainder when 5267 is divided by 2555?
157
What is the remainder when 3549634 is divided by 27?
25
Calculate the remainder when 749818 is divided by 7.
6
Calculate the remainder when 56675 is divided by 19.
17
What is the remainder when 4329 is divided by 1066?
65
Calculate the remainder when 208499 is divided by 177.
170
Calculate the remainder when 2600443 is divided by 159.
157
Calculate the remainder when 9970 is divided by 76.
14
Calculate the remainder when 18775 is divided by 49.
8
What is the remainder when 38385 is divided by 19151?
83
What is the remainder when 1901 is divided by 188?
21
Calculate the remainder when 4500 is divided by 79.
76
Calculate the remainder when 146435 is divided by 307.
303
Calculate the remainder when 11009 is divided by 914.
41
Calculate the remainder when 14726 is divided by 995.
796
What is the remainder when 66743 is divided by 66673?
70
What is the remainder when 904306 is divided by 126?
4
What is the remainder when 1109132 is divided by 336?
332
What is the remainder when 33858 is divided by 2383?
496
What is the remainder when 119342 is divided by 62?
54
Calculate the remainder when 21090 is divided by 7.
6
What is the remainder when 35203 is divided by 55?
3
Calculate the remainder when 1259 is divided by 378.
125
Calculate the remainder when 47142 is divided by 35.
32
Calculate the remainder when 3268 is divided by 50.
18
What is the remainder when 247273 is divided by 75?
73
What is the remainder when 138897 is divided by 15?
12
What is the remainder when 24410 is divided by 1875?
35
Calculate the remainder when 240956 is divided by 1255.
1251
Calculate the remainder when 24279 is divided by 12139.
1
What is the remainder when 49274 is divided by 160?
154
Calculate the remainder when 4389 is divided by 220.
209
Calculate the remainder when 93410 is divided by 291.
290
Calculate the remainder when 2013 is divided by 201.
3
Calculate the remainder when 2795 is divided by 2787.
8
What is the remainder when 91537 is divided by 15255?
7
What is the remainder when 345097 is divided by 509?
504
What is the remainder when 16149 is divided by 845?
94
What is the remainder when 32074 is divided by 396?
394
What is the remainder when 3261 is divided by 226?
97
Calculate the remainder when 4319 is divided by 416.
159
Calculate the remainder when 13630 is divided by 1237.
23
Calculate the remainder when 2092783 is divided by 16.
15
What is the remainder when 3129 is divided by 1037?
18
What is the remainder when 79107 is divided by 90?
87
What is the remainder when 50795 is divided by 153?
152
Calculate the remainder when 51454 is divided by 17149.
7
Calculate the remainder when 602418 is divided by 74.
58
What is the remainder when 111599 is divided by 27897?
11
Calculate the remainder when 1164826 is divided by 82.
16
What is the remainder when 3993 is divided by 1034?
891
Calculate the remainder when 1346402 is divided by 47.
40
Calculate the remainder when 4832 is divided by 943.
117
What is the remainder when 35432 is divided by 17612?
208
Calculate the remainder when 2905 is divided by 727.
724
Calculate the remainder when 15808 is divided by 15807.
1
What is the remainder when 425230 is divided by 61